{"id":3,"date":"2021-11-03T20:19:18","date_gmt":"2021-11-03T19:19:18","guid":{"rendered":"http:\/\/streibel.fewo-graf-karlshagen.de\/?page_id=3"},"modified":"2021-11-04T00:11:54","modified_gmt":"2021-11-03T23:11:54","slug":"datenschutzerklaerung","status":"publish","type":"page","link":"https:\/\/auto-bootsservice-streibel.de\/?page_id=3","title":{"rendered":"Impressum und Datenschutz"},"content":{"rendered":"\t\t<div data-elementor-type=\"wp-page\" data-elementor-id=\"3\" class=\"elementor elementor-3\" data-elementor-settings=\"[]\">\n\t\t\t\t\t\t\t<div class=\"elementor-section-wrap\">\n\t\t\t\t\t\t\t<section class=\"elementor-section elementor-top-section elementor-element elementor-element-674a2497 elementor-section-boxed elementor-section-height-default elementor-section-height-default\" data-id=\"674a2497\" data-element_type=\"section\">\n\t\t\t\t\t\t<div class=\"elementor-container elementor-column-gap-default\">\n\t\t\t\t\t<div class=\"elementor-column elementor-col-100 elementor-top-column elementor-element elementor-element-4e85a8af\" data-id=\"4e85a8af\" data-element_type=\"column\">\n\t\t\t<div class=\"elementor-widget-wrap elementor-element-populated\">\n\t\t\t\t\t\t\t\t<div class=\"elementor-element elementor-element-15e4801b elementor-widget elementor-widget-text-editor\" data-id=\"15e4801b\" data-element_type=\"widget\" data-widget_type=\"text-editor.default\">\n\t\t\t\t<div class=\"elementor-widget-container\">\n\t\t\t<style>\/*! elementor - v3.5.6 - 28-02-2022 *\/\n.elementor-widget-text-editor.elementor-drop-cap-view-stacked .elementor-drop-cap{background-color:#818a91;color:#fff}.elementor-widget-text-editor.elementor-drop-cap-view-framed .elementor-drop-cap{color:#818a91;border:3px solid;background-color:transparent}.elementor-widget-text-editor:not(.elementor-drop-cap-view-default) .elementor-drop-cap{margin-top:8px}.elementor-widget-text-editor:not(.elementor-drop-cap-view-default) .elementor-drop-cap-letter{width:1em;height:1em}.elementor-widget-text-editor .elementor-drop-cap{float:left;text-align:center;line-height:1;font-size:50px}.elementor-widget-text-editor .elementor-drop-cap-letter{display:inline-block}<\/style>\t\t\t\t<p>Reifen &amp; Autoservice Center Streibel GmbH<\/p>\n<p>Schwedenwallweg 19<\/p>\n<p>17109 Demmin<\/p>\n<p>\u00a0<\/p>\n<div class=\"push \">\u00a0<\/div>\n<p>Telefon: +49 3998 361999<\/p>\n<p>Telefax: +49 3998 361997<\/p>\n<p>\u00a0<\/p>\n<div class=\"push \">\u00a0<\/div>\n<p>Internet: www.auto-bootsservice-streibel.de<\/p>\n<p>EMail: info@auto-bootsservice-streibel.de<\/p>\n<p>\u00a0<\/p>\n<div class=\"push \">\u00a0<\/div>\n<p>Amtsgericht Neubrandenburg<\/p>\n<p>HRB 5640<\/p>\n<p>\u00a0<\/p>\n<div class=\"push \">\u00a0<\/div>\n<p>Finanzamt Waren<\/p>\n<p>Steuer-Nr.: 075\/117\/00315<\/p>\n<p>USt-IdNr.: DE 813299116<\/p>\n<p>\u00a0<\/p>\n<div class=\"push \">\u00a0<\/div>\n<p>Bankverbindung<\/p>\n<p>Deutsche Bank 24<\/p>\n<p>DE19 1307 0024 0441 11 04 00<br \/>BIC: DEUTDEDBROS<\/p>\n<p>\u00a0<\/p>\n<p>DATENSCHUTZERKL\u00c4RUNG AUTO- BOOTS-SERVICE STREIBEL GMBH<br \/>Wir erheben, verarbeiten und nutzen Ihre Daten nur im Rahmen der gesetzlichen Bestimmungen.<br \/>Diese Datenschutzerkl\u00e4rung gilt ausschlie\u00dflich f\u00fcr die Nutzung der von uns angebotenen Webseiten. Sie gilt nicht f\u00fcr die Webseiten anderer Dienstanbieter, auf die wir lediglich durch einen Link verweisen.<br \/>Bei der Nutzung unserer Webseiten bleiben Sie anonym, solange Sie uns nicht von sich aus freiwillig personenbezogene Daten zur Verf\u00fcgung stellen.<br \/>Personenbezogene Daten werden nur dann erhoben, wenn dies f\u00fcr die Nutzung der auf der Webseite angebotenen Leistungen, insbesondere Formularangebote, erforderlich ist. Wir werden die von Ihnen zur Verf\u00fcgung gestellten Daten streng vertraulich behandeln.<br \/>Ohne Ihre ausdr\u00fcckliche Einwilligung geben wir keine pers\u00f6nlichen Daten weiter, es sei denn, dass wir rechtlich dazu verpflichtet sind. Wir weisen jedoch darauf hin, dass es bei der \u00dcbermittlung von Daten im Internet immer dazu kommen kann, dass Dritte Ihre Daten zur Kenntnis nehmen oder verf\u00e4lschen.<br \/>Sofern Sie es von uns verlangen, gew\u00e4hren wir Ihnen Einblick in die \u00fcber Sie gespeicherten Daten, beziehungsweise l\u00f6schen diese. Wenn Sie Daten berichtigen, l\u00f6schen oder einsehen wollen, gen\u00fcgt hierf\u00fcr ein Schreiben an die im Impressum angegebene Adresse.<br \/>Im Rahmen der Benachrichtigung unserer Kunden \u00fcber Produktneuheiten, etc. senden wir Ihnen E-Mails nur zu, sofern Sie uns im Zuge der Newsletter-Registrierung Ihre E-Mail-Adresse zur Verf\u00fcgung stellen.<br \/>Diese Website benutzt Google Maps bzw. Google Maps API zur Darstellung von Karten und zur Erstellung von Anfahrtspl\u00e4nen. Google Maps wird von Google Inc., 1600 Amphitheatre Parkway, Mountain View, CA 94043, USA betrieben. Durch die Nutzung dieser Website erkl\u00e4ren Sie sich mit der Erfassung, Bearbeitung sowie der Nutzung der automatisch erhobenen sowie der von Ihnen eingegeben Daten durch Google, einer seiner Vertreter, oder Drittanbieter einverstanden. Die Nutzungsbedingungen f\u00fcr Google Maps finden Sie unter Nutzungsbedingungen f\u00fcr Google Maps.<br \/>So finden Sie uns Schwedenwallweg 19, 17109 Demmin<br \/>Montag \u2013 Freitag<br \/>08.00 -18.00 Uhr<br \/>Samstag<br \/>Nur nach Vereinbarung<\/p>\n<p><!-- wp:heading --><!-- \/wp:paragraph --><\/p>\t\t\t\t\t\t<\/div>\n\t\t\t\t<\/div>\n\t\t\t\t\t<\/div>\n\t\t<\/div>\n\t\t\t\t\t\t\t<\/div>\n\t\t<\/section>\n\t\t\t\t\t\t<\/div>\n\t\t\t\t\t<\/div>\n\t\t","protected":false},"excerpt":{"rendered":"<p>Reifen &amp; Autoservice Center Streibel GmbH Schwedenwallweg 19 17109 Demmin Telefon: +49 3998 361999 Telefax: +49 3998 361997 Internet: www.auto-bootsservice-streibel.de EMail: info@auto-bootsservice-streibel.de Amtsgericht Neubrandenburg HRB 5640 Finanzamt Waren Steuer-Nr.: 075\/117\/00315 USt-IdNr.: DE 813299116 Bankverbindung Deutsche Bank 24 DE19 1307 0024 0441 11 04 00BIC: DEUTDEDBROS DATENSCHUTZERKL\u00c4RUNG AUTO- BOOTS-SERVICE STREIBEL GMBHWir erheben, verarbeiten und nutzen Ihre [&hellip;]<\/p>\n","protected":false},"author":1,"featured_media":0,"parent":0,"menu_order":0,"comment_status":"closed","ping_status":"open","template":"","meta":{"footnotes":""},"class_list":["post-3","page","type-page","status-publish","hentry","entry"],"_links":{"self":[{"href":"https:\/\/auto-bootsservice-streibel.de\/index.php?rest_route=\/wp\/v2\/pages\/3","targetHints":{"allow":["GET"]}}],"collection":[{"href":"https:\/\/auto-bootsservice-streibel.de\/index.php?rest_route=\/wp\/v2\/pages"}],"about":[{"href":"https:\/\/auto-bootsservice-streibel.de\/index.php?rest_route=\/wp\/v2\/types\/page"}],"author":[{"embeddable":true,"href":"https:\/\/auto-bootsservice-streibel.de\/index.php?rest_route=\/wp\/v2\/users\/1"}],"replies":[{"embeddable":true,"href":"https:\/\/auto-bootsservice-streibel.de\/index.php?rest_route=%2Fwp%2Fv2%2Fcomments&post=3"}],"version-history":[{"count":7,"href":"https:\/\/auto-bootsservice-streibel.de\/index.php?rest_route=\/wp\/v2\/pages\/3\/revisions"}],"predecessor-version":[{"id":627,"href":"https:\/\/auto-bootsservice-streibel.de\/index.php?rest_route=\/wp\/v2\/pages\/3\/revisions\/627"}],"wp:attachment":[{"href":"https:\/\/auto-bootsservice-streibel.de\/index.php?rest_route=%2Fwp%2Fv2%2Fmedia&parent=3"}],"curies":[{"name":"wp","href":"https:\/\/api.w.org\/{rel}","templated":true}]}}